) = 4*w - 70. What is the remainder when 226 is divided by m(27)?
36
Let f = 46 - 36. What is the remainder when 56 is divided by f?
6
Let r be (14/(-5))/1*-5. Suppose -35*a + 101 = -74. Suppose -a*y = -r - 21. What is the remainder when 26 is divided by y?
5
Let w(o) = o**2 + 6*o - 31. Suppose 76 = 2*m + 5*n, -3*m + 79 = -3*n - 56. Calculate the remainder when m is divided by w(4).
7
Suppose 1160 = 2*t - 2376. Let p = t - 808. Calculate the remainder when 8/44 - p/(-44) is divided by 6.
4
Suppose -5*f + 153 + 12 = 0. Suppose 0*x + x = -5*n + 88, 2*n - 3*x - 42 = 0. What is the remainder when f is divided by n?
15
Let l be 2/(-3) - (-42)/9. Suppose 4*x = 4*j + 12, -j + x - 23 = -l*x. What is the remainder when j is divided by 2?
0
Let o = 75 - -30. Suppose 2*h = 7*h - o. What is the remainder when h is divided by 8?
5
Let n = -124 + 128. Suppose -n*v + 790 = -3*o, 598 = 3*v - o - 4*o. What is the remainder when v is divided by 18?
16
Calculate the remainder when 159 is divided by 48/5 + ((-102)/(-30) - 4).
6
Suppose 125*s - 85*s - 760 = 0. What is the remainder when s is divided by 1/2*(23 + 1)?
7
Suppose -1733 - 1597 = -5*x + 5*q, -3*x + 4*q = -2000. What is the remainder when x is divided by 37?
35
What is the remainder when 6 - 33/5 - 990/(-25) is divided by 36?
3
Calculate the remainder when (44/8 - 7)*(-3688)/12 is divided by 77.
76
Suppose x + 166*r = 162*r + 32, 4*x - 104 = -4*r. What is the remainder when x is divided by (-9)/(-2) - 1/(-2)?
4
Suppose -2*t = 2*c - 130, 5*c - 5*t + 30 = 375. Calculate the remainder when 220 is divided by c.
19
Suppose 3*z + 0*z = -4*k + 26, 0 = 4*k + 2*z - 24. Suppose 5*s - 490 = k*j - 3*j, 0 = s - 5*j - 98. What is the remainder when s is divided by 20?
18
Let o be (-50)/(-20)*36/5. Let f be o/4*22/33. Suppose 234 = f*s - 72. Calculate the remainder when s is divided by 35.
32
What is the remainder when 66 is divided by 6/4 + (-1584)/(-96)?
12
Let c(i) = 2*i**2 - 4*i - 48. What is the remainder when c(-6) is divided by 6?
0
Let s(i) = -i**3 - 21*i**2 + 48*i + 49. What is the remainder when 4/(2 - (-24)/(-14)) is divided by s(-23)?
2
Let c = -26 + 68. What is the remainder when c is divided by 14?
0
Let i = -666 + 720. What is the remainder when 537 is divided by i?
51
Suppose 3*a + 50 = 2*r + 2*r, a = 2. Calculate the remainder when 35 is divided by r.
7
Suppose -3*l + 128 = 2*c - c, -c + 212 = 5*l. Calculate the remainder when l is divided by (177/(-12) - -12)*-4.
9
Suppose 218 = 6*l + 68. What is the remainder when 371 is divided by l?
21
Let j = 1369 + -1341. Let k = 17 + 65. What is the remainder when k is divided by j?
26
Let a = 25 + 58. What is the remainder when a is divided by 14?
13
Suppose 0 = -2*c + 2*m + 2 + 8, 15 = -5*m. Suppose g - 2 = c. Suppose z - 327 = -g*b - 0*z, -5*b - z + 409 = 0. Calculate the remainder when b is divided by 21.
19
Suppose 0 = -4*w + 8 + 4, -5*a - 48 = 4*w. Calculate the remainder when -6*-34*(-3)/a is divided by 18.
15
Suppose -4*v + 55 = o, 20 = 5*o + 5. Suppose 113 = 4*k - 7*k + 4*d, -4*d = 5*k + 135. Let u = 18 - k. What is the remainder when u is divided by v?
10
Let v(t) = -21*t. Suppose x + 148 = -3*z, -5*x - 668 = 3*z - 6*z. Let q = x - -198. Calculate the remainder when q is divided by v(-1).
20
Let h = 361 - 257. Suppose -6 = -5*l - 1, 0 = -5*n + l + 99. Let q = n - -7. What is the remainder when h is divided by q?
23
Let s = -188 - -242. What is the remainder when s is divided by 7?
5
Suppose 2*r = 5*o + 31, 0 = -5*r - 0*o + 3*o + 30. Suppose z - 2*z = -2*k - 40, r*z + k = 134. Calculate the remainder when z is divided by 23.
21
Calculate the remainder when 5501/5 + 2 - 121/605 is divided by 547.
8
Suppose 4*n + 4*q - 224 = 0, -4*n - 5*q + 216 = -3. Calculate the remainder when 134 is divided by n.
12
Let l = -448 + 461. Calculate the remainder when 19 is divided by l.
6
Suppose -3*h + 14 = -5*r - 14, -h + 1 = 0. Let s = r + 9. Suppose s*n = 5*w - 82, 3*n - 41 = -4*w - 2*n. What is the remainder when 25 is divided by w?
11
Suppose -364 = -4*j - 5*r, -3*j + 412*r = 417*r - 268. What is the remainder when j is divided by 48?
0
Let n(z) = z**2 + 2*z - 7. Let c be n(-4). Suppose -3 + c = -h. Calculate the remainder when 3 is divided by h.
1
Suppose h = -3*h - 4. Let t be 43 + (-2 - (h - 4)). Suppose t*i = 43*i + 78. What is the remainder when i is divided by 14?
12
Suppose -4*i + 0*i = -2*y + 70, 168 = 4*y - i. Let s(o) = -9 - o - 3*o - 2*o + 2*o. Calculate the remainder when y is divided by s(-8).
20
Suppose 50*y - 312 = 63*y. Let f(a) = 43*a**3 - 2*a**2 + 1. Let i be f(1). Let x = i + y. What is the remainder when x is divided by 5?
3
Suppose 5*j = 59 + 21. Calculate the remainder when (34/(-4))/((-4)/j) is divided by 9.
7
Let c(y) = 141*y - 245. Calculate the remainder when c(6) is divided by 55.
51
Let h(s) = 5*s - 10. Let a be h(-7). Let d = -27 - a. Suppose -4*o + 3*o + d = 0. Calculate the remainder when o is divided by 12.
6
Let r(y) = 11*y**2 + 8*y. Let d be r(5). Let z = d + -187. What is the remainder when z is divided by 43?
42
Let z be ((-15)/7)/((-4)/28). Let u(s) = -7 - 5*s + z - 11. Calculate the remainder when 44 is divided by u(-3).
8
Let d = 813 + -463. Calculate the remainder when d is divided by 69.
5
Suppose -2*k + k = 0. Suppose 2*a = 14*a - 192. Suppose 4*w - 4 - a = k. What is the remainder when w is divided by 3?
2
Let i(m) = 3*m**3 + m**2 + 3*m - 2. Suppose 227 = 5*d + 12. Let a = d - 31. Calculate the remainder when i(2) is divided by a.
8
Let o(s) = -s**3 + 6*s**2 - 4*s + 9. Calculate the remainder when 90 is divided by o(5).
6
Suppose -4*w - 19 = -143. Calculate the remainder when 402 is divided by w.
30
Let d(b) = 39*b**2 - 3276*b + 23. Calculate the remainder when d(84) is divided by ((-1)/(-1) - 2) + 14.
10
Let r be (-36)/(-45)*(-10)/(-4). What is the remainder when 18 is divided by (-5)/(7/r + -4)?
8
Let i(r) = -r**2 - 8*r - 3. Calculate the remainder when 107 is divided by i(-5).
11
Suppose -15*o + 6106 + 974 = 0. What is the remainder when o is divided by 25?
22
Let y = 16 - 18. What is the remainder when 3 is divided by 18/(-4)*y/3?
0
Suppose -4*c + 17 = -3*g, 6*c - 5*g - 20 = c. Suppose -c*l = -3*a + 5*a - 75, 3*a + l = 80. Calculate the remainder when 72 is divided by a.
22
Suppose 0*h = -h - g + 11, 2 = -2*h + 4*g. Suppose 0*r - 3*r + 24 = 0. What is the remainder when (h/14)/(1/62) is divided by r?
7
Suppose h - 24 = -h + 2*n, 4*h + 4*n = 80. Suppose 23*m - 210 = h*m. Calculate the remainder when m is divided by 17.
13
Let f = 202 + -191. Calculate the remainder when 164 is divided by f.
10
Suppose -3*i - 4867 = -5074. Calculate the remainder when i is divided by 15.
9
Let h(g) be the third derivative of -13*g**4/24 - 11*g**3/6 - 4*g**2. What is the remainder when h(-4) is divided by 28/(-3)*3/(-2)?
13
Let u(q) = -79*q + 28. Let n(k) = 26*k - 9. Let t(y) = -8*n(y) - 3*u(y). Calculate the remainder when t(8) is divided by 32.
28
Suppose 10*a = -86 + 166. Suppose -5*q + 90 - 20 = 0. What is the remainder when q is divided by a?
6
Suppose 0 = -29*c + 27*c + 5*g + 111, 4*c = g + 213. Calculate the remainder when 103 is divided by c.
50
Calculate the remainder when -19 + 12 + 25 + 2 is divided by 12.
8
Suppose 623 = 7*k + 133. Calculate the remainder when k is divided by 36.
34
Suppose o + 4*f = 2 + 34, 2*o = f + 36. Calculate the remainder when 30 is divided by o.
10
Suppose 4*n = 41*n - 3145. Calculate the remainder when n is divided by 53.
32
Suppose 4*i - 95 = -39. Calculate the remainder when i is divided by 13.
1
Let v = -12 - -36. Let c = 19 - 12. Suppose 3*y = c*y - 36. What is the remainder when v is divided by y?
6
Suppose -185*q + 45 = -182*q. What is the remainder when q is divided by 10?
5
Let k = -570 - -657. Calculate the remainder when k is divided by 22.
21
Let d(c) = 9*c**2 + c. Let j be d(-1). Calculate the remainder when (0 - j)/(6/(-39) - 0) is divided by 5.
2
Suppose 2686 - 602 = 2*j. What is the remainder when j is divided by 58?
56
Let k(d) = -6*d**3 - 4*d**2 - 16*d - 21. What is the remainder when k(-5) is divided by 71?
70
Suppose 4*p + 2 = 6. Let v = p + 15. Calculate the remainder when 62 is divided by v.
14
Suppose -21*g = -133 - 203. Suppose 3*d - 19 = -1. What is the remainder when g is 